ermine c(-6).
-42
Let f(x) = -5*x**2 + 1073*x - 23640. What is f(25)?
60
Let c(p) = p**2 + 211992*p - 2332061. Calculate c(11).
-28
Let j(h) = 3299*h - 23477. What is j(7)?
-384
Let p(l) = -483196*l + 2415990. What is p(5)?
10
Let f(j) = j**3 + 323*j**2 - 13355*j - 12597. What is f(-360)?
3
Let q(a) = -a**2 - 9781*a + 570609. Calculate q(58).
-53
Let u(b) = 12*b**2 - 130*b + 54. Give u(18).
1602
Let b(l) = -l**3 + 63*l**2 - 896*l - 2600. Determine b(29).
10
Let d(h) = -640*h + 273288. Calculate d(427).
8
Let m(n) = 4070*n + 8222. What is m(-2)?
82
Let z(h) = -2*h**3 + 386*h**2 + 47*h - 9622. Determine z(193).
-551
Let y(x) = 4*x**2 - 524*x - 4413. Give y(144).
3075
Let t(v) = -3*v**3 - 27*v**2 + 216*v + 33. What is t(9)?
-2397
Let y(h) = 2*h**2 + 545*h + 36953. Give y(-152).
321
Let x(b) = 208*b - 59157. Calculate x(272).
-2581
Let h(t) = 598*t**2 - 14912*t - 950. Calculate h(25).
0
Let y(p) = 297*p - 11842. Give y(38).
-556
Let v(y) = -y**3 + 165*y**2 + 289*y - 20414. Calculate v(166).
4
Let w(j) = -22671*j + 272043. Calculate w(12).
-9
Let o(t) = -2*t**2 - 248*t + 71535. Give o(137).
21
Let z(c) = c**2 + 1912*c + 17239. What is z(-9)?
112
Let v(t) = 7*t**2 - 166*t - 2444. Give v(-10).
-84
Let d(n) = -n**2 + 118*n + 56421. What is d(-190)?
-2099
Let a(h) = -3457*h - 331866. Give a(-96).
6
Let v(y) = 8*y**2 - 1472*y + 5883. Determine v(4).
123
Let p(s) = 3*s**3 + 64*s**2 + 49*s - 5. Calculate p(0).
-5
Let b(p) = 3*p**2 + 1227*p - 38099. Calculate b(29).
7
Let z(g) = -8*g**3 + 124*g**2 - 186*g - 2570. What is z(10)?
-30
Let b(r) = 23*r + 2745. Determine b(-90).
675
Let o(h) = 2654*h + 116777. Calculate o(-44).
1
Let q(p) = 406*p - 19192. Determine q(48).
296
Let a(k) = k**3 - 100*k**2 - 6*k - 24. Calculate a(100).
-624
Let u(s) = -117359*s - 821512. Give u(-7).
1
Let p(g) = -2*g**3 - 27446*g**2 + 357136*g - 7. Calculate p(13).
-7
Let g(j) = -3*j**3 - 86*j**2 - 17*j - 327. Determine g(-28).
-1419
Let z(j) = j**3 + 268*j**2 - 263*j + 1526. Calculate z(-269).
-88
Let p(r) = -241901*r + 5321735. What is p(22)?
-87
Let u(y) = -y**3 - 4*y**2 + 7313*y + 29247. Give u(-4).
-5
Let c(y) = -3*y**2 + 5780*y + 104995. Calculate c(-18).
-17
Let i(h) = 71*h**2 - 7179*h + 863. Calculate i(101).
55
Let m(v) = -5*v**3 + 534*v**2 + 116*v - 521. Determine m(107).
442
Let l(i) = -714*i**2 + 651*i + 62. What is l(1)?
-1
Let m(g) = 2*g**3 - 45*g**2 + 560*g - 11851. Determine m(22).
-15
Let t(b) = -30037*b - 150196. Give t(-5).
-11
Let u(y) = 2*y**3 - 634*y**2 - 10720*y - 1024. What is u(-16)?
0
Let r(n) = -n**2 + 18303*n + 183129. Calculate r(-10).
-1
Let z(o) = o**3 + 117*o**2 + 298*o + 7827. What is z(-115)?
7
Let l(u) = 31*u**2 + 375*u - 2834. Determine l(9).
3052
Let y(o) = o**3 + 28*o**2 - 1885*o - 3456. Calculate y(-59).
-152
Let f(z) = -3490*z - 157103. Give f(-45).
-53
Let p(t) = -2*t**2 + 1417*t + 36458. Calculate p(-25).
-217
Let k(n) = 8*n**2 - 507*n + 3428. Calculate k(7).
271
Let o(i) = i**2 + 1174*i - 57384. Give o(47).
3
Let h(x) = x**3 + 27*x**2 + 91*x + 489. Calculate h(-17).
1832
Let n(i) = 18*i + 3244. What is n(-200)?
-356
Let a(n) = 18343*n - 4695787. Calculate a(256).
21
Let r(j) = 6535*j + 215640. Give r(-33).
-15
Let i(y) = 7*y**3 + 30*y**2 - 91*y - 57. Give i(3).
129
Let m(c) = -8*c**2 + 64*c - 362. What is m(7)?
-306
Let p(h) = -9977*h - 6993873. What is p(-701)?
4
Let p(s) = 3*s**2 - 406*s + 1676. Give p(131).
-27
Let u(j) = -2*j**2 - 59*j - 526. Give u(-11).
-119
Let y(f) = -32*f**2 + 333*f + 51. What is y(11)?
-158
Let y(b) = -25*b**3 + 4088*b**2 - 2116*b - 435. Determine y(163).
54
Let k(d) = -1323*d - 3830. What is k(-3)?
139
Let n(g) = -132*g**3 - 13*g**2 - 69*g - 56. Calculate n(-1).
132
Let q(s) = -s**2 + 9*s + 6775. Give q(84).
475
Let k(t) = 9*t**2 - 1038*t + 24908. What is k(34)?
20
Let a(o) = -3488*o - 959195. Give a(-275).
5
Let r(j) = -200*j**2 - 1823*j - 210. Give r(-9).
-3
Let o(s) = -281418*s - 1969905. Give o(-7).
21
Let b(q) = 4*q**3 - 1111*q**2 - 74*q - 56714. What is b(278)?
-2
Let u(i) = 10*i**2 + 1278*i + 292. Calculate u(-129).
1840
Let l(j) = -2*j**3 + 72*j**2 + 1296*j - 46662. Calculate l(36).
-6
Let l(o) = 493*o + 92703. Determine l(-188).
19
Let s(b) = 1773*b + 1336839. Give s(-754).
-3
Let w(v) = 3*v**2 + 595*v + 20594. Give w(-153).
-214
Let d(h) = 87*h**3 - 454*h**2 + 61*h + 10. Determine d(5).
-160
Let p(x) = -x**2 + 226*x - 4536. What is p(196)?
1344
Let v(f) = -45011*f - 225107. Give v(-5).
-52
Let i(y) = y**2 - 9484*y + 349613. Determine i(37).
74
Let g(h) = -3*h**3 + 209*h**2 + 3913*h - 249. Calculate g(85).
6
Let v(x) = 110*x**3 + 21*x**2 - 10*x - 22. Give v(-2).
-798
Let s(w) = 3*w**2 - 336*w - 14488. Determine s(-33).
-133
Let l(x) = x**3 + 52*x**2 - 4*x - 35. What is l(-52)?
173
Let g(k) = -2*k**2 - 4252*k - 371. What is g(0)?
-371
Let y(a) = a**2 - 134*a + 2754. Calculate y(33).
-579
Let x(z) = -7*z**2 - 343*z - 2433. What is x(-9)?
87
Let c(q) = -q**2 + 11819*q + 557640. Determine c(-47).
-62
Let k(p) = p**2 - 8045*p + 739574. Calculate k(93).
38
Let h(w) = 2926247*w - 2926233. Give h(1).
14
Let j(d) = -20*d**2 + 593*d + 2930. Calculate j(-5).
-535
Let g(k) = 445867*k - 2229356. What is g(5)?
-21
Let s(z) = 715*z + 42841. Give s(-60).
-59
Let v(p) = 67*p**2 + 793*p - 4225. What is v(4)?
19
Let q(n) = n**3 + 47*n**2 + 1964*n + 100806. Determine q(-49).
-232
Let g(i) = -9*i**3 - 178*i**2 + 13*i - 21. Give g(-20).
519
Let u(b) = 10*b**2 + 15*b - 946. What is u(10)?
204
Let u(p) = -724*p - 13812. What is u(-21)?
1392
Let x(r) = -r**3 + 28*r**2 + 73*r + 1731. What is x(32)?
-29
Let r(y) = 4*y**3 - 97*y**2 + 683*y - 18975. Calculate r(25).
-25
Let g(t) = -t**3 - 84*t**2 + 63*t + 5520. Determine g(-84).
228
Let z(b) = -4*b**3 + 19*b**2 + 2022*b - 10096. Determine z(5).
-11
Let p(q) = 12466*q - 137156. Determine p(11).
-30
Let k(l) = -l**3 + 88*l**2 - 1516*l - 1132. What is k(64)?
148
Let d(z) = z**3 - 15*z**2 + 4655*z + 18916. Determine d(-4).
-8
Let n(h) = -53247*h - 2289614. Determine n(-43).
7
Let f(p) = -317*p + 49775. Determine f(151).
1908
Let q(g) = -4*g**2 + 282*g - 1624. Determine q(6).
-76
Let s(i) = 28*i**2 + 14147*i - 28293. Give s(2).
113
Let w(t) = -2*t**3 - 600*t**2 - 17*t - 5080. Determine w(-300).
20
Let s(b) = 11*b**3 + 180*b**2 + 243*b + 406. Determine s(-15).
136
Let v(p) = 26*p + 3315. What is v(-113)?
377
Let d(x) = 2*x**3 - 13*x**2 - 1739*x - 5078. Calculate d(-3).
-32
Let r(q) = -q**2 + 208*q - 10694. Give r(93).
1
Let y(m) = 128267*m - 897855. What is y(7)?
14
Let v(b) = -115*b**2 + 177*b - 916. Give v(5).
-2906
Let i(c) = -c**3 + 281*c**2 - 2487*c + 10597. Calculate i(272).
-11
Let u(j) = 10546*j + 52722. Determine u(-5).
-8
Let n(d) = -212425*d + 7010016. Calculate n(33).
-9
Let x(h) = 14*h**3 + 993*h**2 - 96*h - 1869. What is x(-71)?
-94
Let f(u) = 2*u**3 - 966*u**2 + 5721*u + 1106. Calculate f(477).
-325
Let m(k) = -78572*k + 314248. Determine m(4).
-40
Let n(h) = -82*h**2 - 2110*h - 2114. What is n(-1)?
-86
Let r(k) = k**2 + 9*k + 170. Determine r(-18).
332
Let p(a) = -a**3 - 5*a**2 + 1792*a - 24313. Determine p(28).
-9
Let y(w) = w**3 + 34*w**2 - 943*w - 29163. Calculate y(-25).
37
Let l(i) = -5*i**2 + 407*i + 3836. Determine l(90).
-34
Let o(f) = 43*f**2 + 3897*f + 64173. What is o(-69)?
3
Let z(j) = -j**3 + 13*j**2 - 876*j + 14752. What is z(16)?
-32
Let b(x) = -x**2 + 633*x - 91336. Calculate b(410).
94
Let d(p) = -9358*p - 37429. Give d(-4).
3
Let s(i) = -i**3 + 65*i**2 - 58*i - 7867. Calculate s(62).
69
Let i(c) = -c**3 + 25*c**2 + 81*c - 23. Give i(-4).
117
Let s(x) = 27*x**2 + 3278*x + 967. Calculate s(-124).
9647
Let x(m) = -m**3 - 7*m**2 + 230*m + 2059. Calculate x(-10).
59
Let i(t) = -12164*t + 352708. Give i(29).
-48
Let g(a) = -23*a**2 - 95*a - 588. Give g(-10).
-1938
Let t(p) = 705*p**3 - 169*p**2 + 170*p + 1. Give t(1).
707
Let j(b) = 377470*b - 6039519. Give j(16).
1
Let o(k) = 12*k**3 - 3*k**2 + 50*k - 147. Determine o(3).
300
Let u(s) = 23*s**3 + 6*s**2 - 32*s + 38. Determine u(3).
617
Let w(s) = 3244*s + 90774. What is w(-28)?
-58
Let s(v) = -v**3 + 22*v**2 - 98*v + 61. What is s(17)?
-160
Let v(h) = 10*h**2 + 70*h + 449. Calculate v(-9).
629
Let x(g) = -3355*g + 218135. Give x(65).
60
Let i(j) = -j**3 + 23*j**2 + 56*j - 243. Determine i(4).
285
Let r(v)